p(d) = 4*d - 8. Let i(n) = -2*p(n) + 3*u(n). Let a be i(5). Suppose -3*c - 4*h + a*h + 11 = 0, -8 = -4*h. What is the units digit of c?
1
What is the tens digit of (75/10)/(3/198)?
9
Let u(h) be the third derivative of 7*h**4/8 + 4*h**3 + 7*h**2. Let r(g) = -5*g - 6. Let t(z) = 9*r(z) + 2*u(z). What is the units digit of t(-7)?
5
Suppose 9349 = 21*f - 14444. What is the hundreds digit of f?
1
Let c(o) = -o**3 + o + 1. Let t(j) = -15*j**3 + j**2 + 10*j + 12. Let i(d) = 6*c(d) - t(d). What is the tens digit of i(3)?
1
Let u = -45 + 47. Suppose 3*v = -5*h + 379, -u*h = -3*v + 10 + 376. What is the units digit of v?
8
Suppose w + 2*d = 1785, 0 = -2*w + 19*d - 21*d + 3576. What is the tens digit of w?
9
Let k(f) = 3*f**2 + 10*f - 3. Let u be k(4). Let r = 158 - u. Suppose -r - 104 = -3*s. What is the units digit of s?
9
Suppose -2*o - 15585 = -17*o. What is the thousands digit of o?
1
Let q = -469 - -749. Suppose -r + 5*r = q. What is the units digit of r?
0
Let r(f) = 109*f + 125. What is the tens digit of r(8)?
9
Let x = 182 + 40. What is the hundreds digit of x?
2
Let k = -8263 - -14518. What is the tens digit of k?
5
Suppose -3*b + 480 = 39. Suppose b - 9 = 3*o. What is the units digit of o?
6
Let n = 151 - -385. What is the hundreds digit of n?
5
What is the units digit of (-50)/200 - (0 + (-27082)/8)?
5
Let y be 38/14 - (-12)/42. Suppose 0 = 4*n + y*f - 13, -4*f = n - 4*n - 9. What is the tens digit of -1 + n/((-3)/(-72))?
2
Let g = 35 + -31. Suppose -2*v - 3*k + 0*k = -71, 132 = 4*v + g*k. What is the units digit of v?
8
Suppose -2*z = -207 + 21. What is the tens digit of z?
9
Let v = 111 + -165. What is the units digit of (-2)/(-9) - ((-852)/v)/(-1)?
6
Suppose 660 - 11790 = -7*w. What is the thousands digit of w?
1
Suppose -5*j = -0*j + 20. Let z be j/(-8)*(2 + -36). Let x = z - -37. What is the units digit of x?
0
Suppose -1451 = -6*g + 517. What is the tens digit of g?
2
Let r(b) = -b**3 + 19*b**2 + 19*b + 4. Let s be r(20). Let d = 154 - s. What is the hundreds digit of d?
1
Let j(p) = 37*p - 122. What is the units digit of j(19)?
1
Let y(i) = 2*i + 13. Let h be y(9). Suppose h - 41 = -5*p. What is the units digit of p?
2
Suppose -56 = -4*k + g, 5*g - 85 = -4*k - 5. Suppose -3*l - 2*l = -k. Suppose -l*f + 86 + 79 = 0. What is the tens digit of f?
5
Let c = -507 - -840. What is the hundreds digit of c?
3
Let n(q) be the first derivative of -q**4/4 - 7*q**3/3 - 3*q**2 - 13*q + 12. Let t be n(-6). Let j = -3 - t. What is the units digit of j?
0
Suppose 5*w + 5*y - 430 = 485, 0 = -5*w + 2*y + 943. What is the units digit of w?
7
Let t = -32 + 69. Suppose 5*a - t = 3*l - 2*l, 0 = -5*a - l + 43. What is the units digit of a?
8
Suppose 0 = 3*l - 2*l + 2*b, 0 = -5*l + 2*b + 36. Let n(h) = -h**3 + 7*h**2 + 10*h - 14. What is the units digit of n(l)?
2
Let r be 155 - ((-9)/3 - -3). Let s = 25 + r. What is the hundreds digit of s?
1
Let i(s) = -s**2 - 8*s + 6. Let x be i(-9). Let a be (-4)/20 - x/15. Suppose a = -0*v - 3*v + 15. What is the units digit of v?
5
Let d be 2/(1*(-4 + 6)). Let m(t) = 2*t**2 - 2*t + 2. What is the units digit of m(d)?
2
Suppose 0*j = -5*j + 55. Let m = 17 - j. Let k(l) = -l**2 + 9*l - 9. What is the units digit of k(m)?
9
Let z = -2 + 7. Suppose 6*p - 35 = -z. What is the units digit of p?
5
Suppose 240 = 56*h - 66*h. Suppose 0*a + a + 6 = 0. What is the units digit of (-32)/h*a/(-4)?
2
Let n = -77 - -80. Suppose n*o + 201 = 4*o. What is the units digit of o?
1
What is the tens digit of 152/20*(-2 - (-1302)/6)?
3
Let h(a) = 224*a - 14. What is the tens digit of h(4)?
8
Let l(r) = -r**3 + 18*r**2 + 46*r - 13. What is the hundreds digit of l(-9)?
7
Suppose -2 = -d - 0. Suppose -221 - 24 = -7*s. Let u = d + s. What is the tens digit of u?
3
Let m(c) = c + 4. Let f(k) = -k**2 + 11*k + 30. Let x be f(13). Suppose -3*r + 21 = -3*v, -x*v - v + 13 = 3*r. What is the units digit of m(r)?
0
Let p be (-4 + 1 + 3)/(-1). Suppose -v + 28 = -0*v. Let s = v - p. What is the tens digit of s?
2
Let l(k) = -6*k - 12. Suppose 0 = 2*c - 8, 4*y - 2*c = 21 + 3. Suppose -2*j = 3*g + 25, -2*g = y*j - 4*j + 30. What is the tens digit of l(g)?
1
Let n = 2532 - 1736. What is the tens digit of n?
9
Let p(h) = -h**3 - 12*h**2 - 3*h - 15. Let f be p(-12). Suppose f - 5 = 4*a. Suppose a*b + 17 = t - 5, 3*t = 5*b + 80. What is the units digit of t?
0
Let v be (2/(-4))/((-22)/220). Suppose 4*q + 7 = v*q. Let f(o) = -o**2 + 9*o + 11. What is the units digit of f(q)?
5
Suppose 0*x = x - 4. Suppose 4*k - 417 = -d, -2*k - k = x*d - 303. Suppose -5*i + k = -0*i - 5*v, i - 25 = -3*v. What is the tens digit of i?
2
Suppose 2*c + 682 = 4*c - 4*x, 2*x = 4. What is the tens digit of c?
4
Let l(j) = -1 - 590*j - 7*j**2 + 590*j. Let d be l(1). Let g(y) = -y**2 - 7*y + 11. What is the units digit of g(d)?
3
Let i(q) = -3*q**2 + 20*q + 12. Let a be i(7). Suppose 4*b = a*p + 846, -5*b + 0*p = 3*p - 1039. What is the hundreds digit of b?
2
Let f(p) = p + 27. Let m(z) = -z + 1. Let s(k) = f(k) + 4*m(k). What is the units digit of s(8)?
7
Let t(j) = j**2 - j + 61. Let r be (-6)/21 + 6/21. What is the units digit of t(r)?
1
Let l = -75 + -22. Let u = -30 - l. Suppose 0*k - 2*k = -g + u, 5*g = 4*k + 365. What is the units digit of g?
7
Let m(j) = -j**3 + 10*j**2 + 5*j - 1. Let x(q) = q**3 - 11*q**2 - 5*q. Let f(g) = 3*m(g) + 2*x(g). Suppose -6*k = -5*k - 8. What is the units digit of f(k)?
7
Suppose -787 = -4*f - 3*l, -2*l - 77 = -4*f + 685. What is the tens digit of f?
9
Let s be (-2)/(-2)*4 + -68. Let h = 112 + s. What is the tens digit of h?
4
Suppose d + 6 = 30. Suppose -5*p + d = -2*p. Suppose -4*q = -p*q + 56. What is the units digit of q?
4
Suppose 4*p - 172 = -2*a, -p - p - 2 = 0. Let n = -151 + a. What is the units digit of (-108)/n*14/4?
6
Suppose 28 = 4*j + 3*j. What is the tens digit of (j/8)/((-4)/(-432))?
5
Let s = -506 + 1949. What is the thousands digit of s?
1
Suppose -4*h = -5*d - 2097, -3*h - 3*d - d = -1596. Suppose -3*y + 6*y = h. What is the tens digit of y?
7
Suppose -4*a = -3*f - 2*a + 8, a + 25 = 5*f. Let q be 238/f - (-10)/(-15). Suppose -z - 2*z = -4*s + q, 5*s - 50 = 5*z. What is the units digit of s?
9
Let c = -112 + 111. Let z(g) = 23*g**2 - 4*g - 2. What is the tens digit of z(c)?
2
Suppose 0 = -2*d - 15 + 3. Let f = 18 - 9. What is the units digit of (d/5)/(f/(-30))?
4
What is the hundreds digit of (-1)/(4/(-14220)*3) - -1?
1
Suppose -2*f = 4*j - 804, 5*j - 1093 = 2*f - 70. Suppose 9*x = 2*x + j. What is the tens digit of x?
2
Suppose 4*z = 3*l + 12, 0 = -7*l + 3*l + 4*z - 12. Suppose 3*u + 5*p - 26 = 0, -4*p - 56 = -l*u - 4*u. What is the tens digit of u?
1
Let s(n) = -n**3 + n**3 + 6 - 5*n**2 - 2*n + 3*n - n**3. Let b be s(-5). What is the tens digit of (-2 + 2 + 11)/b?
1
Let g(h) = h**3 + h**2 - h + 20. Let d be (2/6 + 0)*24. Suppose -2*u + 3*z = -6, -3*u + d*z - 3*z = -10. What is the tens digit of g(u)?
2
Suppose -7*z = -6*z + 2*w - 628, w = 4*z - 2485. What is the hundreds digit of z?
6
Let v be 8/(2*(-1)/9). What is the tens digit of (35/(-14))/(3/v)?
3
Let t = 495 - -54. What is the hundreds digit of t?
5
Suppose -19 = -3*s - 1. Suppose r + v + 2 = 0, -4*r - 4 = 2*v + s. What is the units digit of 29 - 1/(r/(-9))?
6
Suppose 45496 - 10531 = 9*r. What is the tens digit of r?
8
Let n(a) = -a**3 - 5*a**2 + 3*a + 1. Let c be n(4). Let t = c - -241. What is the tens digit of t?
1
Let z be -1 - -1 - (3 - 0 - 3). Suppose 4*k = y - 33, z*y + 33 = y + 3*k. What is the units digit of y?
3
Suppose -4*j + 0*s = s, 2*j + 5*s = 0. Suppose 3*h - 8*h + 280 = j. What is the units digit of h?
6
Let d = 1 - -46. Suppose 0 = 5*x - 25, 4*r + 5*x + d = 6*r. What is the units digit of r?
6
Suppose -32*r + 30*r + 10 = 0. Suppose r*p - 3*d = 155, -4*p + 124 = -2*d + 5*d. What is the tens digit of p?
3
Let h = 141 + 307. What is the tens digit of h?
4
Let w = 1116 - 1032. What is the units digit of w?
4
Let s(k) = k**3 - 5*k**2 - 8*k + 16. Let d be s(6). Suppose 0 = -d*p + 31 + 37. What is the tens digit of p?
1
Let u(m) be the first derivative of m**3/3 - 11*m**2/2 + m + 7. Let h be u(10). Let j = h - -12. What is the units digit of j?
3
Let t = 2121 + -1487. What is the units digit of t?
4
Let f be 2 + 480/14 - 10/35. Suppose -264 = -3*i + f. What is the